{"id":14,"date":"2015-08-06T09:03:02","date_gmt":"2015-08-06T09:03:02","guid":{"rendered":"http:\/\/demos.artbees.net\/ken\/exhibition\/?page_id=14"},"modified":"2023-06-19T07:43:20","modified_gmt":"2023-06-19T07:43:20","slug":"11a-jornada-demprenedoria-el-repte-de-la-internacionalitat-en-un-mon-glocal","status":"publish","type":"page","link":"https:\/\/www.jornadaemprenedoria.com\/","title":{"rendered":"INICI"},"content":{"rendered":"<h4 style=\"text-align: center;\">\u00daltima jornada ja realitzada<\/h4>\n<p><\/p>\n<h1 style=\"text-align: center;\"><span style=\"color: #dd0838;\"><a style=\"color: #dd0838;\" href=\"http:\/\/www.jornadaemprenedoria.com\/jornada-emprenedoria\/\">11a JORNADA D&#8217;EMPRENEDORIA<\/a><\/span><\/h1>\n<p><\/p>\n<h2 style=\"line-height: 1; margin-bottom: 0px; color: #6ec1e4; font-weight: 600; text-align: center;\" data-elementor-setting-key=\"title\" data-pen-placeholder=\"Escriviu aqu\u00ed...\"><span style=\"color: #333333;\">El repte de la internacionalitat en un m\u00f3n glocal<\/span><\/h2>\n<p><\/p>\n\n\n<div style=\"height:42px\" aria-hidden=\"true\" class=\"wp-block-spacer\"><\/div>\n\n\n\n<p class=\"has-text-align-center\"><strong>La&nbsp;Jornada d\u2019Emprenedoria&nbsp;\u00e9s l\u2019espai de trobada entre nous emprenedors i professionals relacionats amb la creaci\u00f3 d\u2019empreses, amb la intenci\u00f3 expl\u00edcita d\u2019intercanviar experi\u00e8ncies i fomentar la cooperaci\u00f3 entre nous empresaris.&nbsp;<\/strong><\/p>\n\n\n\n<div style=\"height:46px\" aria-hidden=\"true\" class=\"wp-block-spacer\"><\/div>\n\n\n<div class=\"wp-block-image\">\n<figure class=\"aligncenter size-large\"><img decoding=\"async\" loading=\"lazy\" width=\"1024\" height=\"394\" src=\"https:\/\/www.jornadaemprenedoria.com\/wp-content\/uploads\/2019\/07\/Baner_650x250px_correcte-1024x394.png\" alt=\"\" class=\"wp-image-14805\" srcset=\"https:\/\/www.jornadaemprenedoria.com\/wp-content\/uploads\/2019\/07\/Baner_650x250px_correcte-1024x394.png 1024w, https:\/\/www.jornadaemprenedoria.com\/wp-content\/uploads\/2019\/07\/Baner_650x250px_correcte-300x115.png 300w, https:\/\/www.jornadaemprenedoria.com\/wp-content\/uploads\/2019\/07\/Baner_650x250px_correcte-768x295.png 768w\" sizes=\"(max-width: 1024px) 100vw, 1024px\" \/><\/figure><\/div>\n\n\n<div style=\"height:49px\" aria-hidden=\"true\" class=\"wp-block-spacer\"><\/div>\n\n\n\n<p class=\"has-text-align-center\">Un mercat global implica una <strong>redefinici\u00f3 de les fronteres<\/strong>. El m\u00f3n obre les seves portes al comer\u00e7 plantejant reptes per els que busquen fer el salt a la internacionalitzaci\u00f3. La din\u00e0mica es torna encara m\u00e9s interessant quan es pensa en la <strong>connexi\u00f3 entre el local i el global<\/strong>.&nbsp;<\/p>\n\n\n\n<p class=\"has-text-align-center\">\u00c9s aix\u00ed com la idea de pensar globalment per actuar localment ens porta a <strong>noves formes i models d\u2019emprenedoria<\/strong>. Els reptes s\u00f3n constants i el m\u00f3n es transforma dia a dia. Per aix\u00f2 \u00e9s fonamental estar al dia, con\u00e8ixer les eines que tenim a l\u2019abast de la m\u00e0 per aprofitar millor les oportunitats. Est\u00e0s preparat per a fer el salt?<\/p>\n\n\n\n<div style=\"height:27px\" aria-hidden=\"true\" class=\"wp-block-spacer\"><\/div>\n\n\n\n<p class=\"has-text-align-center\"><strong>Jornada condu\u00efda per:<\/strong><\/p>\n\n\n<div class=\"wp-block-image\">\n<figure class=\"aligncenter is-resized\"><img decoding=\"async\" loading=\"lazy\" src=\"https:\/\/www.jornadaemprenedoria.com\/wp-content\/uploads\/2019\/10\/sirjoan-rodo-X247.jpg\" alt=\"\" width=\"163\" height=\"164\"\/><\/figure><\/div>\n\n\n<p class=\"has-text-align-center\"><strong>Joan Griv\u00e9 <\/strong>(@sir.joan)<br>Instagramer i col\u00b7laborador en diferents mitjans de comunicaci\u00f3.<\/p>\n\n\n\n<div style=\"height:28px\" aria-hidden=\"true\" class=\"wp-block-spacer\"><\/div>\n\n\n\n<hr class=\"wp-block-separator has-alpha-channel-opacity\"\/>\n\n\n<h2 style=\"color: #de0838; text-align: left;\" data-elementor-setting-key=\"title\" data-pen-placeholder=\"Escriviu aqu\u00ed...\">Confer\u00e8ncies<\/h2>\n<p><\/p>\n<h5>09.35h CAS EMPRESARIAL: ROBIN-HAT: BARRETS DE QUIR\u00d2FAN AMB ACTITUD<\/h5>\n<h6>A c\u00e0rrec de <strong>Javier Garrido<\/strong>, soci fundador.<\/h6>\n<p>Amb pres\u00e8ncia a 16 pa\u00efsos, Robin-Hat ha esdevingut un projecte internacional. Des dels seus inicis a nivell local, de seguida comen\u00e7a a actuar de manera global a trav\u00e9s de plataformes de marketplace, online.<\/p>\n<p>El seu fundador ens explicar\u00e0 les claus de l&#8217;\u00e8xit d&#8217;aquest projecte, de la cultura d&#8217;empresa que tenen: la rapidesa, del seu constant di\u00e0leg amb el client i dels valors de marca i equip.&nbsp;<\/p>\n<h5>&nbsp;<\/h5>\n<h5>11.00h LA SOLUCI\u00d3 COMEN\u00c7A PER CO-<\/h5>\n<h6>A c\u00e0rrec d&#8217;Alfons Cornella; Fundador d\u2019Infonomia i Co-Society<\/h6>\n<p>El m\u00f3n \u00e9s massa complex per a resoldre&#8217;l sol. Qualsevol soluci\u00f3 que aporti nou valor al mercat consta d&#8217;aportacions de persones i empreses diferents. Una de les grans oportunitats dels propers anys consistir\u00e0 en aprendre a combinar eficientment i r\u00e0pidament les propostes de valor d&#8217;empreses diferents. F\u00e0cil de dir, dif\u00edcil de fer. Donarem algunes idees sobre com ho fan algunes empreses. Finalment, no hi ha cap futur que no passi per \u00c0sia. Trobar partners all\u00e0 s&#8217;ha convertit ja en una necessitat inexcusable.<\/p>\n<figure class=\"gallery-item\"><\/figure>\n\n\n<div style=\"height:38px\" aria-hidden=\"true\" class=\"wp-block-spacer\"><\/div>\n\n\n\n<h4 class=\"wp-block-heading\">Panell empresarial<\/h4>\n\n\n\n<h6 class=\"wp-block-heading\">12.30h <strong>PANELL D&#8217;EXPERI\u00c8NCIES EMPRESARIALS<\/strong><\/h6>\n\n\n\n<p>Introdueix i modera el panell empresarial:<\/p>\n\n\n\n<p><strong>Manel Garcia Puig<\/strong>, responsable de M\u00e0rqueting i vendes d\u2019ImaginCaf\u00e8.<\/p>\n\n\n\n<div style=\"height:38px\" aria-hidden=\"true\" class=\"wp-block-spacer\"><\/div>\n\n\n\n<h5 class=\"wp-block-heading\">Participants al panell:<\/h5>\n\n\n\n<p><strong>&#8211; Merc\u00e8 Mart\u00ed<\/strong>, Presidenta Executiva de Kreston Iberaudit.<\/p>\n\n\n\n<p><strong>&#8211; Alex Fr\u00edas<\/strong>, emprenedor del programa Erasmus for Young Entrepreneurs.<\/p>\n\n\n\n<p><strong>&#8211; Mamen Mart\u00ed<\/strong>, Directora del projecte BCNTECH4WOMEN<em>.<\/em><\/p>\n\n\n\n<div style=\"height:38px\" aria-hidden=\"true\" class=\"wp-block-spacer\"><\/div>\n\n\n\n<h5 class=\"wp-block-heading\">Networking<\/h5>\n\n\n\n<h6 class=\"wp-block-heading\"><strong>13.30h Participa al nostre networking i guanya el sorteig!&nbsp;<\/strong><\/h6>\n\n\n\n<p>Vols tenir un paper m\u00e9s actiu a la jornada participar al sorteig i establir nous contactes?<\/p>\n\n\n\n<p>Participa en el networking, on podr\u00e0s realitzar reunions amb alguns dels assistents de la Jornada, establertes pr\u00e8viament a trav\u00e9s de l\u2019App de l\u2019esdeveniment.<\/p>\n\n\n\n<div style=\"height:38px\" aria-hidden=\"true\" class=\"wp-block-spacer\"><\/div>\n\n\n\n<hr class=\"wp-block-separator has-alpha-channel-opacity\"\/>\n\n\n\n<h5 class=\"wp-block-heading has-text-align-center\">REVIU LA 10a JORNADA D&#8217;EMPRENEDORIA<\/h5>\n\n\n\n<figure class=\"wp-block-embed aligncenter is-type-video is-provider-youtube wp-block-embed-youtube wp-embed-aspect-16-9 wp-has-aspect-ratio\"><div class=\"wp-block-embed__wrapper\">\n<iframe loading=\"lazy\" title=\"10a Jornada d&#039;Emprenedoria\" width=\"1170\" height=\"658\" src=\"https:\/\/www.youtube.com\/embed\/oAZ-u6L-zpc?list=PLSxONVbcoLa1i3dTOYxmaqpiGLIR6TTxE\" frameborder=\"0\" allow=\"accelerometer; autoplay; clipboard-write; encrypted-media; gyroscope; picture-in-picture; web-share\" allowfullscreen><\/iframe>\n<\/div><\/figure>\n\n\n\n<hr class=\"wp-block-separator has-alpha-channel-opacity\"\/>\n\n\n<p><\/p>\n<p><strong>ORGANITZA:<\/strong><\/p>\n<figure class=\"gallery-item\"><img decoding=\"async\" loading=\"lazy\" class=\"wp-image-15534 alignleft\" src=\"https:\/\/www.jornadaemprenedoria.com\/wp-content\/uploads\/2023\/06\/LogoCambraTerrassa_RGB_horitzontal-2.png\" alt=\"\" width=\"219\" height=\"55\" srcset=\"https:\/\/www.jornadaemprenedoria.com\/wp-content\/uploads\/2023\/06\/LogoCambraTerrassa_RGB_horitzontal-2.png 486w, https:\/\/www.jornadaemprenedoria.com\/wp-content\/uploads\/2023\/06\/LogoCambraTerrassa_RGB_horitzontal-2-300x75.png 300w\" sizes=\"(max-width: 219px) 100vw, 219px\" \/><img decoding=\"async\" loading=\"lazy\" class=\"wp-image-14680 alignleft\" src=\"https:\/\/www.jornadaemprenedoria.com\/wp-content\/uploads\/2017\/10\/sant-cugat.jpg\" alt=\"\" width=\"169\" height=\"169\" srcset=\"https:\/\/www.jornadaemprenedoria.com\/wp-content\/uploads\/2017\/10\/sant-cugat.jpg 400w, https:\/\/www.jornadaemprenedoria.com\/wp-content\/uploads\/2017\/10\/sant-cugat-150x150.jpg 150w, https:\/\/www.jornadaemprenedoria.com\/wp-content\/uploads\/2017\/10\/sant-cugat-300x300.jpg 300w\" sizes=\"(max-width: 169px) 100vw, 169px\" \/><a href=\"https:\/\/www.jornadaemprenedoria.com\/wp-content\/uploads\/2017\/08\/logo-cambrax400-1.jpg\" data-elementor-open-lightbox=\"default\" data-elementor-lightbox-slideshow=\"9eae7c1\"><p><\/p>\n<\/a><p><a href=\"https:\/\/www.jornadaemprenedoria.com\/wp-content\/uploads\/2017\/08\/logo-cambrax400-1.jpg\" data-elementor-open-lightbox=\"default\" data-elementor-lightbox-slideshow=\"9eae7c1\"><\/a><\/p>\n<p><a href=\"https:\/\/www.jornadaemprenedoria.com\/wp-content\/uploads\/2017\/08\/logo-cambrax400-1.jpg\" data-elementor-open-lightbox=\"default\" data-elementor-lightbox-slideshow=\"9eae7c1\"><\/a><\/p>\n<\/figure>\n<figure class=\"gallery-item\"><\/figure>\n<p><\/p>\n<p><strong>PATROCINA:<\/strong><\/p>\n<figure class=\"gallery-item\"><a href=\"https:\/\/www.jornadaemprenedoria.com\/wp-content\/uploads\/2017\/09\/Diputacio-Barcelona.png\" data-elementor-open-lightbox=\"default\" data-elementor-lightbox-slideshow=\"4ff965a\"><img decoding=\"async\" loading=\"lazy\" src=\"https:\/\/www.jornadaemprenedoria.com\/wp-content\/uploads\/2017\/09\/Diputacio-Barcelona-150x150.png\" sizes=\"(max-width: 150px) 100vw, 150px\" srcset=\"https:\/\/www.jornadaemprenedoria.com\/wp-content\/uploads\/2017\/09\/Diputacio-Barcelona-150x150.png 150w, https:\/\/www.jornadaemprenedoria.com\/wp-content\/uploads\/2017\/09\/Diputacio-Barcelona-300x300.png 300w, https:\/\/www.jornadaemprenedoria.com\/wp-content\/uploads\/2017\/09\/Diputacio-Barcelona.png 400w\" alt=\"\" width=\"150\" height=\"150\"><\/a><\/figure>\n<figure class=\"gallery-item\"><a href=\"https:\/\/www.jornadaemprenedoria.com\/wp-content\/uploads\/2017\/09\/Caixabank-1.png\" data-elementor-open-lightbox=\"default\" data-elementor-lightbox-slideshow=\"4ff965a\"><img decoding=\"async\" loading=\"lazy\" src=\"https:\/\/www.jornadaemprenedoria.com\/wp-content\/uploads\/2017\/09\/Caixabank-1-150x150.png\" sizes=\"(max-width: 150px) 100vw, 150px\" srcset=\"https:\/\/www.jornadaemprenedoria.com\/wp-content\/uploads\/2017\/09\/Caixabank-1-150x150.png 150w, https:\/\/www.jornadaemprenedoria.com\/wp-content\/uploads\/2017\/09\/Caixabank-1-300x300.png 300w, https:\/\/www.jornadaemprenedoria.com\/wp-content\/uploads\/2017\/09\/Caixabank-1.png 400w\" alt=\"\" width=\"150\" height=\"150\"><\/a><\/figure>\n<figure class=\"gallery-item\"><a href=\"https:\/\/www.jornadaemprenedoria.com\/wp-content\/uploads\/2017\/09\/Cirsa.png\" data-elementor-open-lightbox=\"default\" data-elementor-lightbox-slideshow=\"4ff965a\"><img decoding=\"async\" loading=\"lazy\" src=\"https:\/\/www.jornadaemprenedoria.com\/wp-content\/uploads\/2017\/09\/Cirsa-150x150.png\" sizes=\"(max-width: 150px) 100vw, 150px\" srcset=\"https:\/\/www.jornadaemprenedoria.com\/wp-content\/uploads\/2017\/09\/Cirsa-150x150.png 150w, https:\/\/www.jornadaemprenedoria.com\/wp-content\/uploads\/2017\/09\/Cirsa-300x300.png 300w, https:\/\/www.jornadaemprenedoria.com\/wp-content\/uploads\/2017\/09\/Cirsa.png 400w\" alt=\"\" width=\"150\" height=\"150\"><\/a><\/figure>\n<p><strong>COL\u00b7LABORA:<\/strong><\/p>\n<figure class=\"gallery-item\"><a href=\"https:\/\/www.jornadaemprenedoria.com\/wp-content\/uploads\/2019\/10\/logo-esadex400-e1570804590118.jpg\" data-elementor-open-lightbox=\"default\" data-elementor-lightbox-slideshow=\"9d3b36f\"><img decoding=\"async\" loading=\"lazy\" src=\"https:\/\/www.jornadaemprenedoria.com\/wp-content\/uploads\/2019\/10\/logo-esadex400-150x150.jpg\" sizes=\"(max-width: 150px) 100vw, 150px\" srcset=\"https:\/\/www.jornadaemprenedoria.com\/wp-content\/uploads\/2019\/10\/logo-esadex400-150x150.jpg 150w, https:\/\/www.jornadaemprenedoria.com\/wp-content\/uploads\/2019\/10\/logo-esadex400-300x300.jpg 300w, https:\/\/www.jornadaemprenedoria.com\/wp-content\/uploads\/2019\/10\/logo-esadex400-e1570804590118.jpg 200w\" alt=\"\" width=\"150\" height=\"150\"><\/a><\/figure>\n<figure class=\"gallery-item\"><a href=\"https:\/\/www.jornadaemprenedoria.com\/wp-content\/uploads\/2017\/09\/L\u00facid-e1570804601727.jpg\" data-elementor-open-lightbox=\"default\" data-elementor-lightbox-slideshow=\"9d3b36f\"><img decoding=\"async\" loading=\"lazy\" src=\"https:\/\/www.jornadaemprenedoria.com\/wp-content\/uploads\/2017\/09\/L\u00facid-150x150.jpg\" sizes=\"(max-width: 150px) 100vw, 150px\" srcset=\"https:\/\/www.jornadaemprenedoria.com\/wp-content\/uploads\/2017\/09\/L\u00facid-150x150.jpg 150w, https:\/\/www.jornadaemprenedoria.com\/wp-content\/uploads\/2017\/09\/L\u00facid-300x300.jpg 300w, https:\/\/www.jornadaemprenedoria.com\/wp-content\/uploads\/2017\/09\/L\u00facid-e1570804601727.jpg 200w\" alt=\"\" width=\"150\" height=\"150\"><\/a><\/figure>\n<figure class=\"gallery-item\"><a href=\"https:\/\/www.jornadaemprenedoria.com\/wp-content\/uploads\/2019\/10\/logox400-e1570804609974.jpg\" data-elementor-open-lightbox=\"default\" data-elementor-lightbox-slideshow=\"9d3b36f\"><img decoding=\"async\" loading=\"lazy\" src=\"https:\/\/www.jornadaemprenedoria.com\/wp-content\/uploads\/2019\/10\/logox400-150x150.jpg\" sizes=\"(max-width: 150px) 100vw, 150px\" srcset=\"https:\/\/www.jornadaemprenedoria.com\/wp-content\/uploads\/2019\/10\/logox400-150x150.jpg 150w, https:\/\/www.jornadaemprenedoria.com\/wp-content\/uploads\/2019\/10\/logox400-300x300.jpg 300w, https:\/\/www.jornadaemprenedoria.com\/wp-content\/uploads\/2019\/10\/logox400-e1570804609974.jpg 200w\" alt=\"\" width=\"150\" height=\"150\"><\/a><\/figure>\n<figure class=\"gallery-item\"><a href=\"https:\/\/www.jornadaemprenedoria.com\/wp-content\/uploads\/2019\/10\/logo-sant-cugat-empresarial-e1570804700660.jpg\" data-elementor-open-lightbox=\"default\" data-elementor-lightbox-slideshow=\"535e134\"><img decoding=\"async\" loading=\"lazy\" src=\"https:\/\/www.jornadaemprenedoria.com\/wp-content\/uploads\/2019\/10\/logo-sant-cugat-empresarial-150x150.jpg\" sizes=\"(max-width: 150px) 100vw, 150px\" srcset=\"https:\/\/www.jornadaemprenedoria.com\/wp-content\/uploads\/2019\/10\/logo-sant-cugat-empresarial-e1570804700660.jpg 150w, https:\/\/www.jornadaemprenedoria.com\/wp-content\/uploads\/2019\/10\/logo-sant-cugat-empresarial-300x300.jpg 300w\" alt=\"\" width=\"150\" height=\"150\"><\/a><\/figure>\n<figure class=\"gallery-item\"><a href=\"https:\/\/www.jornadaemprenedoria.com\/wp-content\/uploads\/2017\/09\/SERAFI-e1570804711198.png\" data-elementor-open-lightbox=\"default\" data-elementor-lightbox-slideshow=\"535e134\"><img decoding=\"async\" loading=\"lazy\" src=\"https:\/\/www.jornadaemprenedoria.com\/wp-content\/uploads\/2017\/09\/SERAFI-150x150.png\" sizes=\"(max-width: 150px) 100vw, 150px\" srcset=\"https:\/\/www.jornadaemprenedoria.com\/wp-content\/uploads\/2017\/09\/SERAFI-e1570804711198.png 150w, https:\/\/www.jornadaemprenedoria.com\/wp-content\/uploads\/2017\/09\/SERAFI-300x300.png 300w\" alt=\"\" width=\"150\" height=\"150\"><\/a><\/figure>\n<figure class=\"gallery-item\"><a href=\"https:\/\/www.jornadaemprenedoria.com\/wp-content\/uploads\/2017\/09\/viaempresa-e1570804718566.png\" data-elementor-open-lightbox=\"default\" data-elementor-lightbox-slideshow=\"535e134\"><img decoding=\"async\" loading=\"lazy\" src=\"https:\/\/www.jornadaemprenedoria.com\/wp-content\/uploads\/2017\/09\/viaempresa-150x150.png\" sizes=\"(max-width: 150px) 100vw, 150px\" srcset=\"https:\/\/www.jornadaemprenedoria.com\/wp-content\/uploads\/2017\/09\/viaempresa-150x150.png 150w, https:\/\/www.jornadaemprenedoria.com\/wp-content\/uploads\/2017\/09\/viaempresa-300x300.png 300w, https:\/\/www.jornadaemprenedoria.com\/wp-content\/uploads\/2017\/09\/viaempresa-e1570804718566.png 190w\" alt=\"\" width=\"150\" height=\"150\"><\/a><\/figure>\n<p><strong>AMB EL SUPORT DE:<\/strong><\/p>\n<figure class=\"gallery-item\"><a href=\"https:\/\/www.jornadaemprenedoria.com\/wp-content\/uploads\/2017\/09\/erasmus-for-young-enterpreneurs.jpg\" data-elementor-open-lightbox=\"default\" data-elementor-lightbox-slideshow=\"b6c5a5f\"><img decoding=\"async\" loading=\"lazy\" src=\"https:\/\/www.jornadaemprenedoria.com\/wp-content\/uploads\/2017\/09\/erasmus-for-young-enterpreneurs-300x300.jpg\" sizes=\"(max-width: 300px) 100vw, 300px\" srcset=\"https:\/\/www.jornadaemprenedoria.com\/wp-content\/uploads\/2017\/09\/erasmus-for-young-enterpreneurs-300x300.jpg 300w, https:\/\/www.jornadaemprenedoria.com\/wp-content\/uploads\/2017\/09\/erasmus-for-young-enterpreneurs-150x150.jpg 150w, https:\/\/www.jornadaemprenedoria.com\/wp-content\/uploads\/2017\/09\/erasmus-for-young-enterpreneurs.jpg 400w\" alt=\"\" width=\"300\" height=\"300\"><\/a><\/figure>","protected":false},"excerpt":{"rendered":"<p>\u00daltima jornada ja realitzada 11a JORNADA D&#8217;EMPRENEDORIA El repte de la internacionalitat en un m\u00f3n glocal La&nbsp;Jornada d\u2019Emprenedoria&nbsp;\u00e9s l\u2019espai de trobada entre nous emprenedors i professionals relacionats amb la creaci\u00f3 d\u2019empreses, amb la intenci\u00f3 expl\u00edcita d\u2019intercanviar experi\u00e8ncies i fomentar la cooperaci\u00f3 entre nous empresaris.&nbsp; Un mercat global implica una redefinici\u00f3 de les fronteres. El m\u00f3n [&hellip;]<\/p>\n","protected":false},"author":1,"featured_media":0,"parent":0,"menu_order":0,"comment_status":"open","ping_status":"closed","template":"","meta":[],"_links":{"self":[{"href":"https:\/\/www.jornadaemprenedoria.com\/index.php?rest_route=\/wp\/v2\/pages\/14"}],"collection":[{"href":"https:\/\/www.jornadaemprenedoria.com\/index.php?rest_route=\/wp\/v2\/pages"}],"about":[{"href":"https:\/\/www.jornadaemprenedoria.com\/index.php?rest_route=\/wp\/v2\/types\/page"}],"author":[{"embeddable":true,"href":"https:\/\/www.jornadaemprenedoria.com\/index.php?rest_route=\/wp\/v2\/users\/1"}],"replies":[{"embeddable":true,"href":"https:\/\/www.jornadaemprenedoria.com\/index.php?rest_route=%2Fwp%2Fv2%2Fcomments&post=14"}],"version-history":[{"count":296,"href":"https:\/\/www.jornadaemprenedoria.com\/index.php?rest_route=\/wp\/v2\/pages\/14\/revisions"}],"predecessor-version":[{"id":15556,"href":"https:\/\/www.jornadaemprenedoria.com\/index.php?rest_route=\/wp\/v2\/pages\/14\/revisions\/15556"}],"wp:attachment":[{"href":"https:\/\/www.jornadaemprenedoria.com\/index.php?rest_route=%2Fwp%2Fv2%2Fmedia&parent=14"}],"curies":[{"name":"wp","href":"https:\/\/api.w.org\/{rel}","templated":true}]}}